divisor of 23 and h.
23
Let b = -107 - -107. Let z be (-7 + -1)*((-1)/2 - b). Calculate the highest common factor of z and 28.
4
Let l = -4963 - -5001. What is the greatest common divisor of l and 44?
2
Let x be 6528/(-680)*50/(-8). Calculate the highest common factor of 39 and x.
3
Let h be (-33)/(-176)*-8*-2236. Calculate the greatest common factor of h and 78.
78
Let g(o) = 90*o**3 - 5*o**2 + 3*o - 2. Let d be g(2). Calculate the highest common factor of 22 and d.
22
Suppose 96*b + 629 = 113*b. Let w = 298 + -150. Calculate the greatest common factor of w and b.
37
Let t(b) = -3*b + 45. Suppose -2*n + n = 4, 2*a + 3*n = 10. Let j be t(a). Suppose 59 + 61 = j*z. What is the greatest common factor of 50 and z?
10
Let p(m) = -12*m - 2. Let s be p(8). Let j = s - -286. Calculate the highest common divisor of 4 and j.
4
Suppose 37*w + 4725 = 58*w. Calculate the highest common factor of 2775 and w.
75
Suppose 62 = 88*p - 86*p. Suppose i - 47 = -p. What is the highest common divisor of 288 and i?
16
Let j be 12/9 + 12/18. Let z be ((-9)/(-6))/(j/4). Suppose z*t - 1 = 29. What is the highest common divisor of 70 and t?
10
Let v be ((-75)/(-6) - 10)/((-2)/(-40)). Calculate the greatest common factor of v and 450.
50
Suppose -4*g + 349*o + 2064 = 345*o, -g + 513 = -4*o. What is the highest common factor of 188 and g?
47
Let k = 17590 + -15348. Calculate the greatest common divisor of 1770 and k.
118
Suppose 0 = 2*p + 2*s - 14, 5*p - 3*s + 2*s = 5. Suppose 0 = 7*c - p*c + 4*k - 438, 164 = 2*c - 4*k. Calculate the greatest common factor of c and 129.
43
Let s = -4451 - -4388. Suppose -y - 2*y + 201 = 0. Let o = s + y. What is the highest common factor of 32 and o?
4
Let l = -5915 - -6011. Let m = 11 + 2. Suppose 0 = -k - 1 + m. Calculate the greatest common factor of k and l.
12
Let c(z) = -3*z - 4*z + 25 - 4*z + 10*z. Let g be c(17). Calculate the greatest common divisor of g and 2.
2
Let k = 353 + -677. Let c = k + 504. What is the greatest common factor of 45 and c?
45
Suppose 5*s - 5*y = s + 143, 15 = 3*y. Let w = -37 + s. Suppose -d - 6 = q - 20, 82 = 3*d - w*q. Calculate the greatest common divisor of d and 209.
19
Let k be (23/(483/6048))/(2/5). Calculate the highest common factor of k and 315.
45
Suppose -2*v = -10*v + 112. Let s be ((-18)/2)/(v/(-14)). Let a = 14 - 5. Calculate the highest common divisor of a and s.
9
Suppose 9725 = -2*i + 9883. Calculate the greatest common divisor of i and 4.
1
Let k be (1*(-10)/(-4))/(-2)*-144. Suppose 2 = 5*s - 673. What is the greatest common factor of s and k?
45
Let m be ((-12)/(-30) - 54206/(-10)) + (1 - 1). Calculate the highest common divisor of 78 and m.
39
Let l be (-3)/(((-9)/(-2))/(-3)). Suppose 5*u - 3*a + a = -535, 4*u + l*a = -446. Let m = -97 - u. What is the greatest common factor of m and 24?
12
Suppose v = -19 - 6. Let w = v + 37. Let a = 6 + 10. What is the greatest common factor of w and a?
4
Suppose p = 5*j - 390, -5*j - 78 = -6*j - 4*p. Let g = -68 - -692. Calculate the greatest common divisor of g and j.
78
Let z be 6/1 - (19 - 40). Suppose 2*o + z*g - 460 = 29*g, 2*o + 5*g - 446 = 0. Calculate the greatest common divisor of 24 and o.
12
Let w be ((-7)/(-3))/7*39. Suppose -4*x - 42 = -d + w, 3 = -x. Let u be d*1/1 + -1. Calculate the greatest common divisor of 6 and u.
6
Let d(k) = -k**3 - 8*k**2 + 15*k - 11. Let n be d(-11). Suppose n = t + 33. Let m be 3/(-21) - 155/(-7). What is the greatest common factor of t and m?
22
Suppose 119*p = -67*p + 920 + 1126. Calculate the greatest common factor of p and 473.
11
Let h be 109 + (-2)/2 + 0. Let i be (15846/(-171) - -106)*(-12)/(-10)*3. What is the greatest common divisor of i and h?
12
Suppose 1700*c = 1681*c + 15352. What is the greatest common factor of 101 and c?
101
Suppose -36 = -5*a - 2*c, 2*a - 3*c = -0*c + 22. Suppose a*b = 49 + 511. What is the highest common divisor of 42 and b?
14
Let y = 539 + -543. Let s be y*(-1 - (-679)/(-14)). What is the highest common factor of s and 36?
18
Let l be (-16)/6*(-4 + 13/(-2)). Suppose -l = a - 58. Suppose -296 = -34*s + a*s. Calculate the greatest common divisor of 111 and s.
37
Suppose -37*a = 37*a + 12*a - 8944. Calculate the greatest common factor of a and 5564.
52
Suppose 0*w + 4*y + 3900 = -5*w, -5*y = 25. Let m = w - -1150. Calculate the greatest common divisor of 22 and m.
22
Let f(j) = j**3 - 7*j**2 - 15*j + 11. Let l be f(8). Let z = l - -54. What is the greatest common factor of z and 9?
9
Suppose -5485 - 7281 = -51*b - 934. What is the greatest common factor of b and 609?
29
Let i(g) = -g**3 + 8*g**2 - 2*g - 4. Let c be i(6). Let x be (-7)/(-20)*(-791 + 811). What is the highest common divisor of c and x?
7
Let g = 2379 + -2039. What is the highest common divisor of g and 260?
20
Suppose -99*a - 728 = -56168. Calculate the highest common factor of 1456 and a.
112
Suppose 47*w + 43*w + 8274 = 104*w. What is the greatest common factor of 9 and w?
3
Let d(p) = p**2 - 5*p + 11. Let k be (-96)/(-14) + (-90)/105. Let m be d(k). What is the highest common divisor of 629 and m?
17
Let a(t) = -t**2 + 9*t + 73. Suppose 0 = 5*x + 2*m - 65, 2*x + 5*m = 45 - 19. Let j be a(x). Calculate the highest common divisor of 336 and j.
21
Suppose 34640 = 94*i + 5030. What is the highest common factor of i and 495?
45
Let v be 29*(-7)/(-203) - (-96)/(2 + -1). What is the greatest common factor of 1 and v?
1
Suppose 3 = 6*z - 3*z. Suppose b + z = -3*h, 4*h + 3*b - 24 = 8*b. Let a be h/((-2)/(-80)*4). What is the highest common factor of a and 15?
5
Suppose 0 = -5*i + i + 16. Suppose -39 = -i*l + 57. Suppose d + 2*d - 4*h - 5 = 0, 0 = -2*d - 2*h + 8. Calculate the highest common factor of l and d.
3
Suppose -4*w = -3*i - 44888, -415*i + 33666 = 3*w - 410*i. Calculate the highest common divisor of w and 62.
62
Let z(m) = -44*m**3 + 2*m**2 - 8*m + 18. Let i be z(2). Let s = -321 - i. Suppose 3*b + 2*b - 35 = 0. What is the greatest common divisor of s and b?
7
Suppose 21*d + 119 = 2051. Let q be 92/10*(1005/30 - 6). What is the highest common divisor of d and q?
23
Let o be (-25)/100 + 1/4 - -6. Calculate the greatest common factor of o and 6.
6
Suppose 0 = -1933*f + 1943*f - 800. What is the greatest common factor of 416 and f?
16
Suppose 8*a + 4*a = 36. Suppose -2*v + 5*o + 6 = 0, 2*o + 0*o = 0. Calculate the highest common divisor of a and v.
3
Let x = 606 + -119. Let m be (2/(-4) + 1)*(-8 - -8). Suppose m = -i + 3*o + 105, o + 3*o - x = -5*i. What is the greatest common divisor of 9 and i?
9
Suppose -2987 = -19*t - 120*t + 13554. What is the highest common divisor of 3 and t?
1
Suppose o + 5*l = -72, o - l + 54 = 3*l. Let u = o + 96. Calculate the greatest common factor of 170 and u.
34
Suppose 241 = -13*p - 1410. Let n = 145 + p. Let z be 18/28*20*7. Calculate the highest common factor of n and z.
18
Let s(c) = -10*c - 19. Suppose -11 = -5*k - 31, -4*x = -2*k + 4. Let y be s(x). What is the greatest common divisor of y and 7?
1
Suppose 3*b - 4*d = -8*d + 93, -d = -3*b + 93. Suppose -b*o - 5*c + 61 = -28*o, 0 = -2*o - 5*c + 34. Calculate the highest common factor of 45 and o.
9
Let j(f) = -5*f - 9. Let a(x) = -x**2 + 6*x + 1. Let w be a(3). Let o be w/(-4)*(-32)/(-20). Let t be j(o). Calculate the highest common factor of t and 33.
11
Suppose 0 = 4*q - 3*g - 18520, -4*g - 11142 = -3*q + 2741. Calculate the highest common divisor of 113 and q.
113
Let a(s) = s**3 + 8*s**2 - 10*s - 3. Let x be a(-9). Let f be (-4)/x + (-5)/(-3). Suppose -23*m = -61*m + 646. What is the highest common divisor of m and f?
1
Suppose -5*j + 21 + 49 = -4*d, d + 15 = j. Suppose -5*x = -j*x + 4*v + 80, 5*v - 25 = 0. What is the greatest common divisor of 230 and x?
10
Let s be (-74)/(-6) + (-1)/3. Suppose 0 = -4*p + 38 - 102. Let b be 118 - p - 2*1. Calculate the highest common divisor of s and b.
12
Let j(q) = -18*q + 144. Let f be j(-7). Let a = f + -264. Calculate the highest common divisor of a and 93.
3
Suppose -10*k = -6*k - 4*q - 352, q = -k + 94. Let u be (-3 + (-3 - -5))*6. Let b = 1 - u. What is the greatest common divisor of b and k?
7
Let n be ((-4)/(-7))/((-18)/(-63)) + -5 + 30. What is the greatest common divisor of n and 909?
9
Let f(g) = -2*g + 587. Let s be f(16). Calculate the highest common divisor of s 